 - -8)/((-3)/2). Suppose -13 - 27 = -o*v. Let c(w) = 2*w + 1. What is the remainder when v is divided by c(1)?
1
Let m(k) = 6*k**3 - 3*k**2 - 5*k - 2. Let u(q) = -5*q**3 + 3*q**2 + 5*q + 2. Let s(c) = 4*m(c) + 5*u(c). Calculate the remainder when s(-4) is divided by 24.
22
Suppose -4*x + 98 = -2*x. What is the remainder when x is divided by 13?
10
Suppose 0 = 5*n + 23 - 68. Suppose 3*h = 4*z - 43, z - h = n + 3. What is the remainder when z is divided by 3?
1
Let o = -158 + 170. What is the remainder when 226 is divided by o?
10
Suppose 0*j - 102 = -6*j. Calculate the remainder when j is divided by 5.
2
Let v(y) = y + 12. Let z be v(-9). Suppose -z*x + 114 - 33 = 0. Suppose -g = 2*g - x. Calculate the remainder when 25 is divided by g.
7
Let r = -9 + 0. Let p = r - -13. Suppose -2*b + 22 = p. What is the remainder when 34 is divided by b?
7
Suppose -4*s - 4*d = -76, 4*s + 0*d = d + 51. Suppose 3*x = -o - 36 + 109, 2*x + 3*o - 44 = 0. Calculate the remainder when x is divided by s.
11
Let l(m) = 8*m + 1. Let k be l(-1). Let w = 10 + k. Calculate the remainder when 4 is divided by w.
1
Let n(l) be the third derivative of l**5/60 - 7*l**3/3 - l**2. Let k be n(0). Let f = 45 + k. Calculate the remainder when f is divided by 16.
15
Let k = 172 - 115. Let m = k + -31. Suppose 4*l = 3*l + 7. Calculate the remainder when m is divided by l.
5
Suppose 2*i = -4*h + 6, -h - i + 4 = -0*h. Let b be -4 - 2*h - 7. Let n(c) = -2*c - 8. What is the remainder when n(b) is divided by 6?
4
Let s(o) = -o**3 + 8*o**2 - 6*o + 1. Suppose -3*m + 34 = 4*n, -m + 7 = -5*n + 2*n. What is the remainder when s(3) is divided by m?
8
Suppose -5*g = 69 + 61. Let z = -16 - g. Calculate the remainder when 38 is divided by z.
8
Let w = 1 - -3. Suppose w*z + k - 100 = 6*k, -5*z = -5*k - 130. Suppose -25 = 5*m - 2*x - 78, 5*m - x - 54 = 0. Calculate the remainder when z is divided by m.
8
Let d(p) = -18*p**3 - p**2 - 2*p - 1. Suppose 4*m = x - 52, 104 = 10*x - 8*x - m. What is the remainder when x is divided by d(-1)?
16
Let m = 15 - 10. Calculate the remainder when 24 is divided by m.
4
Suppose 0 = -2*n - 6 + 20. What is the remainder when n is divided by 4?
3
Suppose r + 5*a - 85 = -r, -5*r + 5*a = -125. Suppose -r = 5*y - 10*y. Calculate the remainder when 23 is divided by y.
5
Suppose -l = -a - 3*a + 8, -a - 1 = -l. Suppose -h - l*c = -63, -5 - 145 = -2*h + 4*c. What is the remainder when h is divided by 24?
23
Let h = 13 - -20. What is the remainder when 98 is divided by h?
32
Calculate the remainder when 67 is divided by (-1)/(-2 - 90/(-46)).
21
Let i = 55 - 29. Let y = -18 + i. Let b = 26 - 4. Calculate the remainder when b is divided by y.
6
Suppose 2*s - 6*s = 12. What is the remainder when 9 is divided by 48/18 + (-1)/s?
0
Let i(c) = c**2 + c - 1. Let n(q) = -4*q**2 - 11*q - 10. Let w(g) = -3*i(g) - n(g). What is the remainder when 40 is divided by w(-9)?
18
Suppose 0 = 2*o + o - 9216. Suppose 4085 = 4*a - 5*s, -a = 2*a - s - o. Calculate the remainder when a/35 + (-4)/14 is divided by 15.
14
Suppose 69 = -3*v + 6*v. What is the remainder when v is divided by 12?
11
Calculate the remainder when 71 is divided by (-112)/(-6) + -2*1/(-6).
14
Suppose 2*o + 3*o - 29 = -v, -o = 0. Calculate the remainder when 86 is divided by v.
28
Suppose 3*r = 5*o - 2*r - 15, -2*o + 5*r = -9. Suppose -4 - 24 = -o*k. What is the remainder when (1 - 1) + (-25)/(-1) is divided by k?
11
Let v be (-32)/24 - 92/(-6). Suppose -5*k + v = -111. Calculate the remainder when k is divided by 14.
11
Let v(r) = 2*r**2 + 6*r - 1. Let p be v(4). Let q = -28 + p. Calculate the remainder when q is divided by 7.
6
Let y(f) = -10*f - 5. Let w be y(-3). Suppose -5*t - w = -65. Calculate the remainder when 13 is divided by t.
5
Suppose -2*h - 4 = -q + 12, -4*h - 62 = -5*q. Let r = 90 - 51. Calculate the remainder when r is divided by q.
9
Calculate the remainder when (-58)/(-6) + 6/(-9) is divided by 5.
4
Let y = -13 + 33. Suppose -2*c + y = -12. Calculate the remainder when ((-58)/4)/(2/(-4)) is divided by c.
13
Suppose 4*l - 127 = 21. Calculate the remainder when l is divided by 8.
5
Let z(c) = -c + 7. Calculate the remainder when 41 is divided by z(-7).
13
Let c = -3 + 6. Let s = 0 - c. Calculate the remainder when 40 is divided by (-9)/s + 22/2.
12
Let r be (2 + -1 + 2)/1. Suppose n - 2 = -5, r*s - 12 = 3*n. What is the remainder when ((-1 - 128)/(-3))/s is divided by 15?
13
Let u(z) = z**2 - 9*z + 15. Let o be u(10). What is the remainder when 3 is divided by ((-8)/(-10))/(10/o)?
1
Suppose -9 = -3*i + 36. What is the remainder when 116 is divided by i?
11
Let s = -40 - -57. Calculate the remainder when s is divided by 5.
2
Let n(u) = u**3 - 9*u**2 + u - 7. Let p be n(9). Suppose 3*o - p*x - 7 = 2*o, 3*x = 2*o - 16. What is the remainder when o is divided by 3?
2
Let x(h) = h**2 + 5*h - 50. Calculate the remainder when 66 is divided by x(-12).
32
Let y be 3/(-6)*2*-3. Suppose 0 = -2*t + 4*n + 10, -y*t - 3*n - 2*n = -26. Calculate the remainder when t is divided by 4.
3
Let z = 67 + -42. Calculate the remainder when 73 is divided by z.
23
Let g(x) = 2*x - 2. Calculate the remainder when 21 is divided by g(4).
3
Let d be (-1)/2 + (-2)/(-4). Suppose d*l = -l + 18. Calculate the remainder when 33 is divided by l.
15
Let y be 5*(-3 + 2)/1. Let m(l) = -3*l + 3. What is the remainder when -6*(-2)/4 + 50 is divided by m(y)?
17
Let v(r) = r**2 - r + 2. Let d be v(-7). Let y = 85 - d. Calculate the remainder when y is divided by 14.
13
Let t = 7 - 4. Suppose -2*r - r = -2*k - 25, -2*k = 5*r - 15. Calculate the remainder when r is divided by t.
2
Let y = -31 - -52. Let f = 33 - y. Let p(q) = 10*q + 2. Calculate the remainder when p(2) is divided by f.
10
Suppose 0*f - 3*v - 24 = -2*f, -2*v = 3*f - 36. What is the remainder when 33 is divided by f?
9
Let x be (-12)/42 + (-4)/(-14). Suppose -2*c = 2*g - 2 - x, -3*c - 5*g + 1 = 0. What is the remainder when (-10)/(-3) - (-3)/(-9) is divided by c?
1
Suppose 0 = -2*k - 3 - 1. What is the remainder when 43 is divided by ((-2)/k)/(1/15)?
13
Let y = -27 - -49. Let q(n) = -n - 2. Calculate the remainder when y is divided by q(-10).
6
Let f(o) = -o**2 + 8*o + 5. Let m be f(10). Let c = m - -32. What is the remainder when c is divided by (-1 + 0)*(-6 + 0)?
5
Suppose 0 = 3*o - 0 - 12. Let y = 3 + -1. Suppose -5*f - k = -25, 38 = 3*f - 2*k - y*k. Calculate the remainder when f is divided by o.
2
Let k = -25 + 11. Calculate the remainder when 8/28 + (-276)/k is divided by 7.
6
Let s = 130 - 95. Calculate the remainder when 99 is divided by s.
29
Suppose 2*x + 56 = 2*w, -2*w + 0*x + 52 = 2*x. What is the remainder when 51 is divided by w?
24
Suppose 9*t - 4*t + 5 = b, -3*b + 2*t + 41 = 0. Suppose 3*h - o - 11 = 0, -2*o + b = -5*o. What is the remainder when h is divided by 2?
0
Let r(v) = -v**3 - 6*v**2 - v - 1. Suppose 1 = -2*c + 11. Suppose b - 12 = -c. Calculate the remainder when b is divided by r(-6).
2
Let r(h) = -h**3 + 4*h**2 + 5*h - 7. Let p be r(5). Let m = 0 - p. Calculate the remainder when ((-5)/15)/(2/(-114)) is divided by m.
5
What is the remainder when -3 + 8 - (-3 - 0) is divided by 3?
2
Calculate the remainder when (3/5)/(4/120) is divided by 7.
4
Let x = 33 + 10. What is the remainder when x is divided by 23?
20
Calculate the remainder when 12/(-2)*(-4)/6 + 114 is divided by 20.
18
Suppose -3*g + 3*z = 8*z - 23, 2*g - 3*z = -10. Suppose -6*l = -4 - 2. What is the remainder when l is divided by g?
0
Let j(u) be the first derivative of -17*u**2/2 - 17*u + 4. Let i(w) = 4*w + 4. Let h(a) = 26*i(a) + 6*j(a). Calculate the remainder when 46 is divided by h(7).
14
Calculate the remainder when 37 + (0 - -4) + -3 is divided by 8.
6
Suppose 7 = 4*p - 29. Calculate the remainder when p is divided by 6.
3
Suppose 0*o - o + 5*r = 8, -3*o = -5*r + 14. Let k(m) = -m**3 - m**2 + 4*m + 2. Calculate the remainder when 30 is divided by k(o).
6
Let z be (-6)/15 - 36/10. Let g = z - -23. Calculate the remainder when g is divided by 10.
9
Let o = -279 - -528. Calculate the remainder when o is divided by 18.
15
Let s = -151 - -153. What is the remainder when 16 is divided by s?
0
Let d(g) be the second derivative of 1/3*g**3 - 1/2*g**2 + g + 0 + 1/12*g**4. Calculate the remainder when